e of t**4/6 + 5*t**3/6 + t**2 - t. Let u = 4 + -4. Let r be u/(-6 - -2) + -3*1. Give j(r).
5
Let r(u) = u + 5. Let f be (1 - 9/15) + 167/(-5). Let d = f - -33. Determine r(d).
5
Let w = 126 + -123. Let k(i) = i**3 - 2*i**2 - 2*i - 3. Give k(w).
0
Let c(j) = -19*j**3 + 2*j**2 - 2*j + 1. Let d = -78 - -79. Suppose 0 = 2*u - 2*q + 1 - 3, u = -3*q + d. Determine c(u).
-18
Suppose 1408 = -101*f + 398. Let w(y) = -y - 24. Give w(f).
-14
Suppose 18 + 7 = 5*b. Let y(o) = -1 - b*o - o**2 + o + 2*o. Let l be 25/(-2625)*301 - (84/(-45) + 2). Determine y(l).
-4
Let z(g) = -g**2 + 4*g + 13. Let r be z(6). Let o(h) = 2*h**2 - 2*h + 3. Calculate o(r).
3
Let b(r) = 1 + r + 2 + 0*r. Let h = -295 + 292. What is b(h)?
0
Let n(f) = f**3 - 7*f**2 + 9. Let p(g) = -5*g**3 + 28*g**2 - 37. Let m be (1 - 6)*27/(-15). Let d be m*2*(-4)/8. Let o(u) = d*n(u) - 2*p(u). Calculate o(-7).
-7
Let g(u) = 6*u**3 - 4*u**2 - 6*u + 5. Let o(j) = j**3 - j**2 - j + 1. Let b(i) = g(i) - 5*o(i). Let n(x) = 2*x**2 - 31*x + 108. Let z be n(10). What is b(z)?
-2
Let m(o) = -o**2 - 3*o - 3 + 3 + 4. Let p(t) = t**2 + 6*t - 10. Suppose -34 - 1 = 5*q. Let a be p(q). Determine m(a).
4
Let m(x) be the third derivative of x**5/30 - 5*x**4/6 + 3*x**3/2 - 2*x**2 - 282. Determine m(10).
9
Suppose -10 = 3*k + 14. Let u(f) = -639*f + 308*f + 330*f. Give u(k).
8
Let l = 9 - 5. Suppose 0 = -u + l - 1. Let g(a) = -a**2 + 1. Let d(v) = v**2 + v - 2. Let s(w) = -2*d(w) - 3*g(w). What is s(u)?
4
Let c(u) = -u**2 + 2. Let q(a) = -a + 1. Let s be q(-1). Let p be (3*7/(-7))/((-3)/2). Suppose 5*t - p*o + s = -5, 17 = -3*t - 2*o. Determine c(t).
-7
Let u be 15*(-3 + 2)/1. Let b = -11 - u. Let t(g) = -b*g + 3 - 2 - 6*g + 9*g. Determine t(-3).
4
Let p(f) = f**3 - 2*f**2 + f - 9. Suppose -4*m + 16*d = 19*d - 22, 2*m = -3*d + 14. Calculate p(m).
27
Let n(q) be the second derivative of -q**3/2 - q**2 - 63*q. Give n(-5).
13
Let f(h) = -h**3 + 8*h**2 - 11*h + 3. Let g(n) = -n**2 - 3*n + 10. Let l be g(-4). Calculate f(l).
9
Let p(h) = -6 + 0*h + 44 - 2*h + 0*h. Give p(18).
2
Let k(v) = v**3 + 3*v**2 - 2*v + 5. Suppose 7*g - 5*t = 4*g - 5, -4*g - 10 = -5*t. Let i be ((-1)/(-3))/(g/60). Determine k(i).
-3
Let x be (81/6)/(3/(-8)). Suppose -5*i - 2 + 26 = 4*d, 0 = 4*d + i - 8. Let m be d*(-3 + x/(-4)). Let k(n) = -2*n + 7. Give k(m).
-5
Let z(f) = 17*f + 2*f**2 - 18*f - 1 - 3*f**2. Suppose 3*x + 8 = -1. Determine z(x).
-7
Let i(p) = p**2 + p - 15. Suppose -5*k = 4*h + 498, 2*k + 86 = -h - 40. Let d = -122 - h. Calculate i(d).
-15
Let a(p) = p**2 - 5*p - 5. Let q(u) = -u**3 - 10*u**2 + 11*u - 1. Let k be q(-11). Let t be (-6)/(-12)*(k + 1). Suppose t = -4*h + 20. Give a(h).
-5
Suppose 2*y - 12 = 7*q, -q = -4*y + y - 1. Let s(k) = 3*k**2 + k + 1. Give s(q).
11
Let z(l) = -l**2 - 7*l + 12. Let g = -1790 + 1781. What is z(g)?
-6
Let o(s) = -s**2 - 6*s - 9. Suppose 764 = 3*a + 776. Give o(a).
-1
Let h(s) = -s**3 + 4*s**2 - 4*s + 11. Suppose -121*o = -126*o + 20. What is h(o)?
-5
Let k(w) = -2*w + 20. Let u(h) = h - 5. Let p(y) = -4*k(y) - 11*u(y). What is p(-8)?
-1
Suppose 2*g - n - 2*n = 8, -12 = -3*g + 4*n. Suppose 0 = -3*c + 15, 4*t = g*c - 38 - 2. Let a(q) = -q**2 - 5*q - 4. Calculate a(t).
-4
Let c(o) = o**2 + 22*o + 47. Suppose -5*r - 75 = 5*a, r + 5*a = -30 + 31. What is c(r)?
-10
Let o(a) = -a**2 + 4*a + 8. Let x be (3/1 + -2)*6. Calculate o(x).
-4
Let i(h) be the third derivative of h**6/24 + h**5/30 + h**4/12 + h**3/2 - 139*h**2. Determine i(-2).
-33
Let a(w) = 2*w + 1. Let t(x) = x. Let g(s) = -2*a(s) + 6*t(s). Determine g(3).
4
Let m(r) be the second derivative of 16*r - r**3 - r**2 + 1/20*r**5 + 0 + 1/3*r**4. What is m(-5)?
3
Let t(w) = -23 - 28 + 85 + 5*w. What is t(-10)?
-16
Let f(h) = h + 6. Let k be f(-5). Let g(r) be the third derivative of 8*r**2 - 1/6*r**3 + 0 + 1/8*r**4 + 0*r. What is g(k)?
2
Suppose 5*v = 7*v + 24. Let u = 5 + v. Let o = -1 - u. Let p(f) = -f**3 + 5*f**2 + 6*f - 3. What is p(o)?
-3
Let f(m) = -3*m + 2*m - 4*m - 2. Let w = 39 + -44. Give f(w).
23
Suppose -2423*k = -2418*k - 10. Let a(z) be the first derivative of -7*z + 7 - 1/2*z**k. Calculate a(-5).
-2
Let x be (-29)/(-3) - 2/(-6). Let u(i) = -6*i**3 + 11*i**2 - 11*i + 2. Let o(c) = 5*c**3 - 11*c**2 + 11*c - 3. Let q(g) = 5*o(g) + 4*u(g). Give q(x).
3
Let c(r) = -r. Let g(z) = -12*z - 38. Let u(q) = -3*c(q) - g(q). Let s(j) = -5*j - 13. Let a(n) = -17*s(n) - 6*u(n). What is a(-5)?
18
Let d(c) = 4*c - 25. Let i be d(5). Let y(b) = -b**2 - 9*b + 3. Calculate y(i).
23
Let j(y) = 4*y + 1. Let m be (30/(1 - 2))/(-1). Suppose 0 = 12*d - 9*d - m. Suppose -7*r + 3 = d. Determine j(r).
-3
Let x = 57 + -39. Let k be ((-13)/39)/(2/x). Let d(w) = -6*w**3 - 2*w**2 - 5*w - 4. Let z(f) = f**3 + f. Let c(l) = -d(l) - 5*z(l). What is c(k)?
-5
Let z be 2 - 7 - 170/(-17). Let p(j) = j**2 - 3*j - 3. Calculate p(z).
7
Let n(p) = p + 1. Let l(f) = f + 1. Let a(w) = -7*w - 2. Let m(t) = a(t) + 6*l(t). Let r(z) = m(z) - 2*n(z). Calculate r(-2).
8
Let n = -2 - -3. Let r(a) = 5*a**3 + 5*a**2 - 5. Suppose 10*m - 12*m = 10. Let v(j) = -3*j**3 - 3*j**2 + 3. Let o(w) = m*r(w) - 8*v(w). Calculate o(n).
-1
Let q be (30/18)/((-20)/(-24)). Let u(w) = -35*w - w**3 + 27*w + 8*w**2 + w**q. What is u(8)?
0
Let w(q) = 4 - 105*q**2 + 37*q - 32*q + q**3 + 97*q**2. Let o = -1 + 10. Suppose -47 = -5*b - 4*t, 0 = -4*b + 2*t + o + 13. Give w(b).
-10
Let b be 0/(8/(-2) + 3). Suppose b*t = -2*t + 6*t. Let f(z) = z + 5. Give f(t).
5
Let b(r) = 5*r + 31. Let q(o) = -2*o + 2. Let z(h) = -b(h) - 2*q(h). Calculate z(0).
-35
Let t be (-3)/(-2)*(-160)/(-30). Let d(w) be the second derivative of -w**4/12 + 4*w**3/3 - 5*w**2 - 45*w. Determine d(t).
-10
Let q(y) = y**2 + 2*y - 12. Let g be q(-5). Let f(t) = -g*t + 35 + 29 - 66. Give f(-5).
13
Let a(n) = 4 + 0*n**2 + 12*n - 6 + 0*n**2 - 13 - n**2. Let f = 33 + -23. What is a(f)?
5
Let d(j) be the first derivative of j**2/2 + 7*j + 2. Let c(p) = 21*p**2 + p. Let l be c(-1). Suppose n - 5*n - l = 0. Give d(n).
2
Let t(v) = 17*v - 26. Let r be t(2). Let h(f) = -f**3 + 9*f**2 - 7*f - 5. Calculate h(r).
3
Let y(k) = -4*k + 11. Let x(f) = 24*f - 69. Let d(c) = -2*x(c) - 13*y(c). What is d(-5)?
-25
Suppose 3*v = -5*h + 16, 5*h - 5*v - 28 = -4*v. Let f(u) be the first derivative of u**2/2 - 3*u - 54. Give f(h).
2
Let t(b) = -7*b + 6*b**2 + 0*b**2 - 2 + 0 - b**3 + 2*b**2. Let i(o) = -2*o**3 - 2*o**2 + 2*o + 3. Let v be i(-2). Give t(v).
-2
Let a(y) be the first derivative of -y**6/360 - y**5/120 + y**4/12 + 10*y**3/3 - 29. Let b(f) be the third derivative of a(f). Determine b(0).
2
Let n(a) = 3*a + 5. Suppose -31*u + 152 = 7*u. Give n(u).
17
Let r(g) = g**3 - 6*g + 5. Let j be r(0). Let z(n) be the third derivative of 1/3*n**3 + 1/30*n**j + 5*n**2 + 0*n + 0 - 1/8*n**4 - 1/120*n**6. Determine z(2).
-4
Let j(w) = w**2 - 2*w + 2. Let z be (-56)/(-21)*6/4. Determine j(z).
10
Let t(w) = w**2 + 1. Let p(j) = -33 + 64 - 30. Let g(y) = 6*p(y) - 5*t(y). Let c be 2/(0 + 0 - -1). Determine g(c).
-19
Let m(c) = 39 - 78 - c + 4*c**3 + 38. Let k(b) = b**2 + 8*b + 11. Let i be k(-2). Calculate m(i).
-4
Let j = 16 - -4. Suppose 6*n - j = 2*n. Let u(i) be the first derivative of i**2/2 + 4*i + 1. Give u(n).
9
Let s(n) be the first derivative of 3*n**2/2 - 10*n - 30. Determine s(5).
5
Let o = 12 + -8. Let h(n) = -17*n - 1. Let y(d) = -120*d - 7. Let l(w) = -14*h(w) + 2*y(w). What is l(o)?
-8
Let u(i) = -25 - 164*i + 373*i - 204*i. What is u(5)?
0
Let w(z) = z**2 - 2*z + 2. Let t(y) = y**3 - 17*y**2 + 16*y + 6. Let v be t(16). Suppose -v + 4 = -u. Give w(u).
2
Let r = 6 + -9. Let n(s) = 16*s**2 + 10*s + 10. Let f = -20 + 9. Let q(b) = -3*b**2 - 2*b - 2. Let z(v) = f*q(v) - 2*n(v). Give z(r).
5
Let w(y) = -81*y - 19. Let o(x) = 91*x + 21. Let z(a) = -8*o(a) - 9*w(a). Suppose h + 5 + 1 = 0. Give z(h).
-3
Suppose 5*g + 29 = -0*i - 2*i, -2*i = -5*g - 41. Let b(x) = -x - 9. What is b(g)?
-2
Let l(g) = g**2 + g. Let h(i) = 14*i**2 + 3*i. Let o(r) = h(r) - 2*l(r). Suppose 4*y - 3*y + 1 = 0. Calculate o(y).
11
Let l(p) = -2*p**2 + 7*p + 4. Let r be l(2). Let i(w) = -w**3 + 10*w**2 + 5. What is i(r)?
5
Let m(q) = -5*q - 1. Let c(o) = -2*o - 4. Let f(g) = -2*c(g) + m(g). Suppose 1 = -2*x + 9. Suppose 0 = p - x - 3. Determine f(p).
0
Let z = -8 + 14. Let n(r) = -4 - 1 + r + 5. 